{"id":2027,"date":"2022-05-18T11:42:51","date_gmt":"2022-05-18T09:42:51","guid":{"rendered":"https:\/\/help.master-report.com\/?page_id=2027"},"modified":"2022-06-09T09:46:57","modified_gmt":"2022-06-09T07:46:57","slug":"faq-recherche","status":"publish","type":"page","link":"https:\/\/help.master-report.com\/?page_id=2027","title":{"rendered":"FAQ &#8211; Recherche par mot cl\u00e9"},"content":{"rendered":"\n<p>> <a href=\"https:\/\/help.master-report.com\">Accueil de l&rsquo;aide<\/a><\/p>\n\n\n\n<p>> <a href=\"https:\/\/help.master-report.com\/?page_id=1992\">Rechercher par th\u00e8me<\/a><\/p>\n\n\n<style>.ewd-ufaq-faq-title .ewd-ufaq-post-margin-symbol span { font-size: 8 !important; }<\/style><div id='ewd-ufaq-jquery-ajax-search'>\n\n\t<label class='ewd-ufaq-field-label' for='ewd-ufaq-text-search'>\n\t\tVeuillez saisir votre question:\n\t<\/label>\n\n\t<input type='hidden' name='show_on_load' value='' id='ewd-ufaq-show-on-load' \/>\n<input type='hidden' name='include_category' value='' id='ewd-ufaq-include-category' \/>\n<input type='hidden' name='exclude_category' value='expbat' id='ewd-ufaq-exclude-category' \/>\n<input type='hidden' name='orderby' value='title' id='ewd-ufaq-orderby' \/>\n<input type='hidden' name='order' value='asc' id='ewd-ufaq-order' \/>\n<input type='hidden' name='post_count' value='-1' id='ewd-ufaq-post-count' \/>\n<input type='hidden' name='current_url' value='\/index.php?rest_route=%2Fwp%2Fv2%2Fpages%2F2027' id='ewd-ufaq-current-url' \/>\n\t<div class=\"search-field\">\n\t\t<input\n\t\t\tid='ewd-ufaq-text-search'\n\t\t\ttype='search'\n\t\t\tclass='ewd-ufaq-text-input '\n\t\t\tplaceholder='mots cl\u00e9s'\n\t\t\tvalue='' \/>\n\t\t<button type=\"button\" class=\"clear-field\" data-state=\"hidden\">x<\/button>\n\t<\/div>\n\n\t<label for='ewd-ufaq-search-submit'><\/label>\n\n<input type='button' id='ewd-ufaq-ajax-search-submit' name='Search' value='Rechercher'>\n<\/div><div  class=\"ewd-ufaq-faq-list ewd-ufaq-page-type-infinite_scroll ewd-ufaq-search\" id='ewd-ufaq-faq-list'>\n\n\t<input type='hidden' name='show_on_load' value='' id='ewd-ufaq-show-on-load' \/>\n<input type='hidden' name='include_category' value='' id='ewd-ufaq-include-category' \/>\n<input type='hidden' name='exclude_category' value='expbat' id='ewd-ufaq-exclude-category' \/>\n<input type='hidden' name='orderby' value='title' id='ewd-ufaq-orderby' \/>\n<input type='hidden' name='order' value='asc' id='ewd-ufaq-order' \/>\n<input type='hidden' name='post_count' value='-1' id='ewd-ufaq-post-count' \/>\n<input type='hidden' name='current_url' value='\/index.php?rest_route=%2Fwp%2Fv2%2Fpages%2F2027' id='ewd-ufaq-current-url' \/>\n\t\n\t\n\t<div class='ewd-ufaq-faqs'>\n\n\t\t\n\t<\/div>\n\n\t\n<\/div>\n","protected":false},"excerpt":{"rendered":"<p>A Y a-t-il une possibilit\u00e9 pour ajuster la taille des photos automatiquement ? Sur le document PDF g\u00e9n\u00e9r\u00e9 dans l&rsquo;application Dans la section \u00ab\u00a0Mise en page\u00a0\u00bb, il est possible de choisir entre 1 ou 2 photos par ligne. La taille des photos est g\u00e9r\u00e9e automatiquement par l&rsquo;application et optimis\u00e9e pour afficher 2 photos par page,<\/p>\n","protected":false},"author":1,"featured_media":0,"parent":0,"menu_order":0,"comment_status":"closed","ping_status":"closed","template":"","meta":{"footnotes":""},"class_list":["post-2027","page","type-page","status-publish","hentry"],"acf":[],"_links":{"self":[{"href":"https:\/\/help.master-report.com\/index.php?rest_route=\/wp\/v2\/pages\/2027","targetHints":{"allow":["GET"]}}],"collection":[{"href":"https:\/\/help.master-report.com\/index.php?rest_route=\/wp\/v2\/pages"}],"about":[{"href":"https:\/\/help.master-report.com\/index.php?rest_route=\/wp\/v2\/types\/page"}],"author":[{"embeddable":true,"href":"https:\/\/help.master-report.com\/index.php?rest_route=\/wp\/v2\/users\/1"}],"replies":[{"embeddable":true,"href":"https:\/\/help.master-report.com\/index.php?rest_route=%2Fwp%2Fv2%2Fcomments&post=2027"}],"version-history":[{"count":6,"href":"https:\/\/help.master-report.com\/index.php?rest_route=\/wp\/v2\/pages\/2027\/revisions"}],"predecessor-version":[{"id":2108,"href":"https:\/\/help.master-report.com\/index.php?rest_route=\/wp\/v2\/pages\/2027\/revisions\/2108"}],"wp:attachment":[{"href":"https:\/\/help.master-report.com\/index.php?rest_route=%2Fwp%2Fv2%2Fmedia&parent=2027"}],"curies":[{"name":"wp","href":"https:\/\/api.w.org\/{rel}","templated":true}]}}